{"id":127,"date":"2018-08-27T12:15:15","date_gmt":"2018-08-27T12:15:15","guid":{"rendered":"https:\/\/purppurasydan.marianela.fi\/index.php\/home\/"},"modified":"2024-09-02T14:06:49","modified_gmt":"2024-09-02T11:06:49","slug":"home","status":"publish","type":"page","link":"https:\/\/purppurasydan.marianela.fi\/","title":{"rendered":"Etusivu"},"content":{"rendered":"\t\t<div data-elementor-type=\"wp-page\" data-elementor-id=\"127\" class=\"elementor elementor-127\">\n\t\t\t\t\t\t<section class=\"elementor-section elementor-top-section elementor-element elementor-element-dac02f0 elementor-section-content-middle elementor-section-boxed elementor-section-height-default elementor-section-height-default\" data-id=\"dac02f0\" data-element_type=\"section\" data-e-type=\"section\" data-settings=\"{&quot;background_background&quot;:&quot;classic&quot;}\">\n\t\t\t\t\t\t\t<div class=\"elementor-background-overlay\"><\/div>\n\t\t\t\t\t\t\t<div class=\"elementor-container elementor-column-gap-no\">\n\t\t\t\t\t<div class=\"elementor-column elementor-col-50 elementor-top-column elementor-element elementor-element-e0417fc\" data-id=\"e0417fc\" data-element_type=\"column\" data-e-type=\"column\">\n\t\t\t<div class=\"elementor-widget-wrap elementor-element-populated\">\n\t\t\t\t\t\t<div class=\"elementor-element elementor-element-59f4701 elementor-widget elementor-widget-heading\" data-id=\"59f4701\" data-element_type=\"widget\" data-e-type=\"widget\" data-widget_type=\"heading.default\">\n\t\t\t\t<div class=\"elementor-widget-container\">\n\t\t\t\t\t<h1 class=\"elementor-heading-title elementor-size-default\">Mari Tuominen<\/h1>\t\t\t\t<\/div>\n\t\t\t\t<\/div>\n\t\t\t\t<div class=\"elementor-element elementor-element-8075b48 elementor-widget elementor-widget-heading\" data-id=\"8075b48\" data-element_type=\"widget\" data-e-type=\"widget\" data-widget_type=\"heading.default\">\n\t\t\t\t<div class=\"elementor-widget-container\">\n\t\t\t\t\t<div class=\"elementor-heading-title elementor-size-large\">Henkil\u00f6kohtainen avustaja<\/div>\t\t\t\t<\/div>\n\t\t\t\t<\/div>\n\t\t\t\t\t<\/div>\n\t\t<\/div>\n\t\t\t\t<div class=\"elementor-column elementor-col-50 elementor-top-column elementor-element elementor-element-4725bb3\" data-id=\"4725bb3\" data-element_type=\"column\" data-e-type=\"column\" data-settings=\"{&quot;background_background&quot;:&quot;classic&quot;}\">\n\t\t\t<div class=\"elementor-widget-wrap elementor-element-populated\">\n\t\t\t\t\t\t<div class=\"elementor-element elementor-element-40c82b0 elementor-widget elementor-widget-image\" data-id=\"40c82b0\" data-element_type=\"widget\" data-e-type=\"widget\" data-widget_type=\"image.default\">\n\t\t\t\t<div class=\"elementor-widget-container\">\n\t\t\t\t\t\t\t\t\t\t\t\t\t\t\t<img fetchpriority=\"high\" decoding=\"async\" width=\"1181\" height=\"1772\" src=\"https:\/\/purppurasydan.marianela.fi\/wp-content\/uploads\/2022\/12\/Nimeton-suunn.malli-13.png\" class=\"attachment-full size-full wp-image-660\" alt=\"\" srcset=\"https:\/\/purppurasydan.marianela.fi\/wp-content\/uploads\/2022\/12\/Nimeton-suunn.malli-13.png 1181w, https:\/\/purppurasydan.marianela.fi\/wp-content\/uploads\/2022\/12\/Nimeton-suunn.malli-13-200x300.png 200w, https:\/\/purppurasydan.marianela.fi\/wp-content\/uploads\/2022\/12\/Nimeton-suunn.malli-13-682x1024.png 682w, https:\/\/purppurasydan.marianela.fi\/wp-content\/uploads\/2022\/12\/Nimeton-suunn.malli-13-768x1152.png 768w, https:\/\/purppurasydan.marianela.fi\/wp-content\/uploads\/2022\/12\/Nimeton-suunn.malli-13-1024x1536.png 1024w\" sizes=\"(max-width: 1181px) 100vw, 1181px\" \/>\t\t\t\t\t\t\t\t\t\t\t\t\t\t\t<\/div>\n\t\t\t\t<\/div>\n\t\t\t\t\t<\/div>\n\t\t<\/div>\n\t\t\t\t\t<\/div>\n\t\t<\/section>\n\t\t\t\t<section class=\"elementor-section elementor-top-section elementor-element elementor-element-742be55a elementor-section-content-middle elementor-section-boxed elementor-section-height-default elementor-section-height-default\" data-id=\"742be55a\" data-element_type=\"section\" data-e-type=\"section\" data-settings=\"{&quot;background_background&quot;:&quot;classic&quot;}\">\n\t\t\t\t\t\t<div class=\"elementor-container elementor-column-gap-no\">\n\t\t\t\t\t<div class=\"elementor-column elementor-col-100 elementor-top-column elementor-element elementor-element-4538ca52\" data-id=\"4538ca52\" data-element_type=\"column\" data-e-type=\"column\">\n\t\t\t<div class=\"elementor-widget-wrap elementor-element-populated\">\n\t\t\t\t\t\t<div class=\"elementor-element elementor-element-1af8982b elementor-widget elementor-widget-heading\" data-id=\"1af8982b\" data-element_type=\"widget\" data-e-type=\"widget\" data-widget_type=\"heading.default\">\n\t\t\t\t<div class=\"elementor-widget-container\">\n\t\t\t\t\t<h2 class=\"elementor-heading-title elementor-size-default\">Palveluni<\/h2>\t\t\t\t<\/div>\n\t\t\t\t<\/div>\n\t\t\t\t<div class=\"elementor-element elementor-element-8fe3c40 elementor-widget elementor-widget-text-editor\" data-id=\"8fe3c40\" data-element_type=\"widget\" data-e-type=\"widget\" data-widget_type=\"text-editor.default\">\n\t\t\t\t<div class=\"elementor-widget-container\">\n\t\t\t\t\t\t\t\t\t<p>Olen erikoistunut n\u00e4k\u00f6vammaisten henkil\u00f6iden avustamiseen. Asiakassuhteet ovat olleet pitki\u00e4, ja minulla on avustusty\u00f6st\u00e4 kokemusta yli kymmenen vuotta.<\/p>\n<p>Jos tarvitset apua tietoteknisiss\u00e4 haasteissa, osaan yleens\u00e4 auttaa. P\u00e4ivitt\u00e4isten asiointien lis\u00e4ksi l\u00e4hden my\u00f6s mielell\u00e4ni mukaasi kulttuuri- ja taidetapahtumiin.<\/p>\n<p><b>Kun sinulla on palveluseteli, avustus on sinulle maksutonta.<\/b>&nbsp;<\/p>\t\t\t\t\t\t\t\t<\/div>\n\t\t\t\t<\/div>\n\t\t\t\t<div class=\"elementor-element elementor-element-a996a0e elementor-widget elementor-widget-text-editor\" data-id=\"a996a0e\" data-element_type=\"widget\" data-e-type=\"widget\" data-widget_type=\"text-editor.default\">\n\t\t\t\t<div class=\"elementor-widget-container\">\n\t\t\t\t\t\t\t\t\t<p><strong>Toiminta-alue Pirkanmaalla:<\/strong><\/p><ul><li>Akaa<\/li><li>Kangasala<\/li><li>Lemp\u00e4\u00e4l\u00e4<\/li><li>Nokia<\/li><li>Pirkkala<\/li><li>P\u00e4lk\u00e4ne<\/li><li>Urjala<\/li><li>Tampere<\/li><li>Valkeakoski<\/li><li>Vesilahti<\/li><li>Yl\u00f6j\u00e4rvi<\/li><\/ul>\t\t\t\t\t\t\t\t<\/div>\n\t\t\t\t<\/div>\n\t\t\t\t\t<\/div>\n\t\t<\/div>\n\t\t\t\t\t<\/div>\n\t\t<\/section>\n\t\t\t\t<\/div>\n\t\t","protected":false},"excerpt":{"rendered":"<p>Mari Tuominen Henkil\u00f6kohtainen avustaja Palveluni Olen erikoistunut n\u00e4k\u00f6vammaisten henkil\u00f6iden avustamiseen. Asiakassuhteet ovat olleet pitki\u00e4, ja minulla on avustusty\u00f6st\u00e4 kokemusta yli kymmenen vuotta. Jos tarvitset apua tietoteknisiss\u00e4 haasteissa, osaan yleens\u00e4 auttaa. P\u00e4ivitt\u00e4isten asiointien lis\u00e4ksi l\u00e4hden my\u00f6s mielell\u00e4ni mukaasi kulttuuri- ja taidetapahtumiin. Kun sinulla on palveluseteli, avustus on sinulle maksutonta.&nbsp; Toiminta-alue Pirkanmaalla: Akaa Kangasala Lemp\u00e4\u00e4l\u00e4 Nokia Pirkkala [&hellip;]<\/p>\n","protected":false},"author":1,"featured_media":0,"parent":0,"menu_order":0,"comment_status":"closed","ping_status":"closed","template":"","meta":{"site-sidebar-layout":"default","site-content-layout":"page-builder","ast-site-content-layout":"default","site-content-style":"default","site-sidebar-style":"default","ast-global-header-display":"","ast-banner-title-visibility":"","ast-main-header-display":"","ast-hfb-above-header-display":"","ast-hfb-below-header-display":"","ast-hfb-mobile-header-display":"","site-post-title":"disabled","ast-breadcrumbs-content":"","ast-featured-img":"disabled","footer-sml-layout":"","ast-disable-related-posts":"","theme-transparent-header-meta":"enabled","adv-header-id-meta":"","stick-header-meta":"","header-above-stick-meta":"","header-main-stick-meta":"","header-below-stick-meta":"","astra-migrate-meta-layouts":"default","ast-page-background-enabled":"default","ast-page-background-meta":{"desktop":{"background-color":"","background-image":"","background-repeat":"repeat","background-position":"center center","background-size":"auto","background-attachment":"scroll","background-type":"","background-media":"","overlay-type":"","overlay-color":"","overlay-opacity":"","overlay-gradient":""},"tablet":{"background-color":"","background-image":"","background-repeat":"repeat","background-position":"center center","background-size":"auto","background-attachment":"scroll","background-type":"","background-media":"","overlay-type":"","overlay-color":"","overlay-opacity":"","overlay-gradient":""},"mobile":{"background-color":"","background-image":"","background-repeat":"repeat","background-position":"center center","background-size":"auto","background-attachment":"scroll","background-type":"","background-media":"","overlay-type":"","overlay-color":"","overlay-opacity":"","overlay-gradient":""}},"ast-content-background-meta":{"desktop":{"background-color":"var(--ast-global-color-5)","background-image":"","background-repeat":"repeat","background-position":"center center","background-size":"auto","background-attachment":"scroll","background-type":"","background-media":"","overlay-type":"","overlay-color":"","overlay-opacity":"","overlay-gradient":""},"tablet":{"background-color":"var(--ast-global-color-5)","background-image":"","background-repeat":"repeat","background-position":"center center","background-size":"auto","background-attachment":"scroll","background-type":"","background-media":"","overlay-type":"","overlay-color":"","overlay-opacity":"","overlay-gradient":""},"mobile":{"background-color":"var(--ast-global-color-5)","background-image":"","background-repeat":"repeat","background-position":"center center","background-size":"auto","background-attachment":"scroll","background-type":"","background-media":"","overlay-type":"","overlay-color":"","overlay-opacity":"","overlay-gradient":""}},"footnotes":""},"class_list":["post-127","page","type-page","status-publish","hentry"],"_links":{"self":[{"href":"https:\/\/purppurasydan.marianela.fi\/index.php\/wp-json\/wp\/v2\/pages\/127","targetHints":{"allow":["GET"]}}],"collection":[{"href":"https:\/\/purppurasydan.marianela.fi\/index.php\/wp-json\/wp\/v2\/pages"}],"about":[{"href":"https:\/\/purppurasydan.marianela.fi\/index.php\/wp-json\/wp\/v2\/types\/page"}],"author":[{"embeddable":true,"href":"https:\/\/purppurasydan.marianela.fi\/index.php\/wp-json\/wp\/v2\/users\/1"}],"replies":[{"embeddable":true,"href":"https:\/\/purppurasydan.marianela.fi\/index.php\/wp-json\/wp\/v2\/comments?post=127"}],"version-history":[{"count":38,"href":"https:\/\/purppurasydan.marianela.fi\/index.php\/wp-json\/wp\/v2\/pages\/127\/revisions"}],"predecessor-version":[{"id":822,"href":"https:\/\/purppurasydan.marianela.fi\/index.php\/wp-json\/wp\/v2\/pages\/127\/revisions\/822"}],"wp:attachment":[{"href":"https:\/\/purppurasydan.marianela.fi\/index.php\/wp-json\/wp\/v2\/media?parent=127"}],"curies":[{"name":"wp","href":"https:\/\/api.w.org\/{rel}","templated":true}]}}